{"id":614,"date":"2023-04-14T16:33:57","date_gmt":"2023-04-14T16:33:57","guid":{"rendered":"https:\/\/demo-2.zumm.info\/?page_id=614"},"modified":"2024-11-14T13:51:24","modified_gmt":"2024-11-14T13:51:24","slug":"o-nama","status":"publish","type":"page","link":"https:\/\/media-flora.com\/index.php\/o-nama\/","title":{"rendered":"O nama"},"content":{"rendered":"\t\t<div data-elementor-type=\"wp-page\" data-elementor-id=\"614\" class=\"elementor elementor-614\" data-elementor-post-type=\"page\">\n\t\t\t\t\t\t<section class=\"elementor-section elementor-top-section elementor-element elementor-element-dd97fb2 elementor-section-full_width elementor-section-height-min-height elementor-section-height-default elementor-section-items-middle\" data-id=\"dd97fb2\" data-element_type=\"section\" data-e-type=\"section\" data-settings=\"{&quot;background_background&quot;:&quot;classic&quot;}\">\n\t\t\t\t\t\t\t<div class=\"elementor-background-overlay\"><\/div>\n\t\t\t\t\t\t\t<div class=\"elementor-container elementor-column-gap-default\">\n\t\t\t\t\t<div class=\"elementor-column elementor-col-100 elementor-top-column elementor-element elementor-element-602b15a\" data-id=\"602b15a\" data-element_type=\"column\" data-e-type=\"column\">\n\t\t\t<div class=\"elementor-widget-wrap elementor-element-populated\">\n\t\t\t\t\t\t<div class=\"elementor-element elementor-element-7325f62 elementor-widget elementor-widget-heading\" data-id=\"7325f62\" data-element_type=\"widget\" data-e-type=\"widget\" data-widget_type=\"heading.default\">\n\t\t\t\t<div class=\"elementor-widget-container\">\n\t\t\t\t\t<h1 class=\"elementor-heading-title elementor-size-default\">O nAMA<\/h1>\t\t\t\t<\/div>\n\t\t\t\t<\/div>\n\t\t\t\t\t<\/div>\n\t\t<\/div>\n\t\t\t\t\t<\/div>\n\t\t<\/section>\n\t\t\t\t<section class=\"elementor-section elementor-top-section elementor-element elementor-element-62101bbb elementor-section-content-middle elementor-section-boxed elementor-section-height-default elementor-section-height-default\" data-id=\"62101bbb\" data-element_type=\"section\" data-e-type=\"section\">\n\t\t\t\t\t\t<div class=\"elementor-container elementor-column-gap-default\">\n\t\t\t\t\t<div class=\"elementor-column elementor-col-50 elementor-top-column elementor-element elementor-element-4a5036f1 elementor-invisible\" data-id=\"4a5036f1\" data-element_type=\"column\" data-e-type=\"column\" data-settings=\"{&quot;animation&quot;:&quot;fadeInLeft&quot;}\">\n\t\t\t<div class=\"elementor-widget-wrap elementor-element-populated\">\n\t\t\t\t\t\t<div class=\"elementor-element elementor-element-374b4b68 elementor-widget elementor-widget-heading\" data-id=\"374b4b68\" data-element_type=\"widget\" data-e-type=\"widget\" data-widget_type=\"heading.default\">\n\t\t\t\t<div class=\"elementor-widget-container\">\n\t\t\t\t\t<h6 class=\"elementor-heading-title elementor-size-default\">Tko smo mi? <\/h6>\t\t\t\t<\/div>\n\t\t\t\t<\/div>\n\t\t\t\t<div class=\"elementor-element elementor-element-8099255 elementor-widget elementor-widget-heading\" data-id=\"8099255\" data-element_type=\"widget\" data-e-type=\"widget\" data-widget_type=\"heading.default\">\n\t\t\t\t<div class=\"elementor-widget-container\">\n\t\t\t\t\t<h2 class=\"elementor-heading-title elementor-size-default\">Tvrtka za budu\u0107nost eko uzgoja gnojiva u EU<\/h2>\t\t\t\t<\/div>\n\t\t\t\t<\/div>\n\t\t\t\t<div class=\"elementor-element elementor-element-561002d2 elementor-widget elementor-widget-text-editor\" data-id=\"561002d2\" data-element_type=\"widget\" data-e-type=\"widget\" data-widget_type=\"text-editor.default\">\n\t\t\t\t<div class=\"elementor-widget-container\">\n\t\t\t\t\t\t\t\t\t<p>Na\u0161a tvrtka je utemeljena na na\u010delima odr\u017eivosti i ekolo\u0161ke odgovornosti, predstavlja pionira u sektoru uzgoja gnojiva u Europskoj uniji. Kombiniraju\u0107i napredne tehnike organske proizvodnje, inovativno upravljanje resursima i strogu regulaciju emisija, tvrtka postavlja visoke standarde za budu\u0107nost ekolo\u0161ke poljoprivrede u EU, doprinose\u0107i smanjenju negativnog utjecaja na okoli\u0161 i promicanju zdrave poljoprivredne prakse. Njihov predani fokus na kvalitetu, odr\u017eivost i europske ekolo\u0161ke standarde pozicionira ih kao klju\u010dnog igra\u010da u stvaranju ekolo\u0161ki osvije\u0161tenog i u\u010dinkovitog lanca opskrbe gnojivima.<\/p>\t\t\t\t\t\t\t\t<\/div>\n\t\t\t\t<\/div>\n\t\t\t\t\t<\/div>\n\t\t<\/div>\n\t\t\t\t<div class=\"elementor-column elementor-col-50 elementor-top-column elementor-element elementor-element-b7feee9\" data-id=\"b7feee9\" data-element_type=\"column\" data-e-type=\"column\">\n\t\t\t<div class=\"elementor-widget-wrap elementor-element-populated\">\n\t\t\t\t\t\t<div class=\"elementor-element elementor-element-ce8eb8b elementor-invisible elementor-widget elementor-widget-image\" data-id=\"ce8eb8b\" data-element_type=\"widget\" data-e-type=\"widget\" data-settings=\"{&quot;_animation&quot;:&quot;fadeInRight&quot;}\" data-widget_type=\"image.default\">\n\t\t\t\t<div class=\"elementor-widget-container\">\n\t\t\t\t\t\t\t\t\t\t\t\t\t\t\t<img fetchpriority=\"high\" decoding=\"async\" width=\"1500\" height=\"1000\" src=\"https:\/\/media-flora.com\/wp-content\/uploads\/2023\/07\/front-view-plant-growing-from-pellets.jpg\" class=\"attachment-full size-full wp-image-1308\" alt=\"\" srcset=\"https:\/\/media-flora.com\/wp-content\/uploads\/2023\/07\/front-view-plant-growing-from-pellets.jpg 1500w, https:\/\/media-flora.com\/wp-content\/uploads\/2023\/07\/front-view-plant-growing-from-pellets-300x200.jpg 300w, https:\/\/media-flora.com\/wp-content\/uploads\/2023\/07\/front-view-plant-growing-from-pellets-1024x683.jpg 1024w, https:\/\/media-flora.com\/wp-content\/uploads\/2023\/07\/front-view-plant-growing-from-pellets-768x512.jpg 768w\" sizes=\"(max-width: 1500px) 100vw, 1500px\" \/>\t\t\t\t\t\t\t\t\t\t\t\t\t\t\t<\/div>\n\t\t\t\t<\/div>\n\t\t\t\t\t<\/div>\n\t\t<\/div>\n\t\t\t\t\t<\/div>\n\t\t<\/section>\n\t\t\t\t<section class=\"elementor-section elementor-top-section elementor-element elementor-element-29b82942 elementor-section-boxed elementor-section-height-default elementor-section-height-default\" data-id=\"29b82942\" data-element_type=\"section\" data-e-type=\"section\" data-settings=\"{&quot;background_background&quot;:&quot;classic&quot;}\">\n\t\t\t\t\t\t<div class=\"elementor-container elementor-column-gap-no\">\n\t\t\t\t\t<div class=\"elementor-column elementor-col-50 elementor-top-column elementor-element elementor-element-644a3b72\" data-id=\"644a3b72\" data-element_type=\"column\" data-e-type=\"column\">\n\t\t\t<div class=\"elementor-widget-wrap elementor-element-populated\">\n\t\t\t\t\t\t<div class=\"elementor-element elementor-element-6b8a98f5 elementor-widget elementor-widget-image\" data-id=\"6b8a98f5\" data-element_type=\"widget\" data-e-type=\"widget\" data-widget_type=\"image.default\">\n\t\t\t\t<div class=\"elementor-widget-container\">\n\t\t\t\t\t\t\t\t\t\t\t\t\t\t\t<img decoding=\"async\" width=\"2000\" height=\"1166\" src=\"https:\/\/media-flora.com\/wp-content\/uploads\/2023\/05\/green-leaves-pattern-background-.jpg\" class=\"attachment-full size-full wp-image-945\" alt=\"\" srcset=\"https:\/\/media-flora.com\/wp-content\/uploads\/2023\/05\/green-leaves-pattern-background-.jpg 2000w, https:\/\/media-flora.com\/wp-content\/uploads\/2023\/05\/green-leaves-pattern-background--300x175.jpg 300w, https:\/\/media-flora.com\/wp-content\/uploads\/2023\/05\/green-leaves-pattern-background--1024x597.jpg 1024w, https:\/\/media-flora.com\/wp-content\/uploads\/2023\/05\/green-leaves-pattern-background--768x448.jpg 768w, https:\/\/media-flora.com\/wp-content\/uploads\/2023\/05\/green-leaves-pattern-background--1536x895.jpg 1536w, https:\/\/media-flora.com\/wp-content\/uploads\/2023\/05\/green-leaves-pattern-background--1200x700.jpg 1200w\" sizes=\"(max-width: 2000px) 100vw, 2000px\" \/>\t\t\t\t\t\t\t\t\t\t\t\t\t\t\t<\/div>\n\t\t\t\t<\/div>\n\t\t\t\t<div class=\"elementor-element elementor-element-7a612350 elementor-widget__width-initial elementor-absolute elementor-widget-mobile__width-initial elementor-widget elementor-widget-image\" data-id=\"7a612350\" data-element_type=\"widget\" data-e-type=\"widget\" data-settings=\"{&quot;_position&quot;:&quot;absolute&quot;}\" data-widget_type=\"image.default\">\n\t\t\t\t<div class=\"elementor-widget-container\">\n\t\t\t\t\t\t\t\t\t\t\t\t\t\t\t<img decoding=\"async\" width=\"1335\" height=\"1610\" src=\"https:\/\/media-flora.com\/wp-content\/uploads\/2023\/05\/cropped-view-of-girls-holding-ground-with-seedlings-in-hands-e1616509206232.jpg\" class=\"attachment-full size-full wp-image-946\" alt=\"\" srcset=\"https:\/\/media-flora.com\/wp-content\/uploads\/2023\/05\/cropped-view-of-girls-holding-ground-with-seedlings-in-hands-e1616509206232.jpg 1335w, https:\/\/media-flora.com\/wp-content\/uploads\/2023\/05\/cropped-view-of-girls-holding-ground-with-seedlings-in-hands-e1616509206232-249x300.jpg 249w, https:\/\/media-flora.com\/wp-content\/uploads\/2023\/05\/cropped-view-of-girls-holding-ground-with-seedlings-in-hands-e1616509206232-849x1024.jpg 849w, https:\/\/media-flora.com\/wp-content\/uploads\/2023\/05\/cropped-view-of-girls-holding-ground-with-seedlings-in-hands-e1616509206232-768x926.jpg 768w, https:\/\/media-flora.com\/wp-content\/uploads\/2023\/05\/cropped-view-of-girls-holding-ground-with-seedlings-in-hands-e1616509206232-1274x1536.jpg 1274w\" sizes=\"(max-width: 1335px) 100vw, 1335px\" \/>\t\t\t\t\t\t\t\t\t\t\t\t\t\t\t<\/div>\n\t\t\t\t<\/div>\n\t\t\t\t\t<\/div>\n\t\t<\/div>\n\t\t\t\t<div class=\"elementor-column elementor-col-50 elementor-top-column elementor-element elementor-element-52669d10\" data-id=\"52669d10\" data-element_type=\"column\" data-e-type=\"column\">\n\t\t\t<div class=\"elementor-widget-wrap elementor-element-populated\">\n\t\t\t\t\t\t<div class=\"elementor-element elementor-element-450fe81e elementor-widget elementor-widget-heading\" data-id=\"450fe81e\" data-element_type=\"widget\" data-e-type=\"widget\" data-widget_type=\"heading.default\">\n\t\t\t\t<div class=\"elementor-widget-container\">\n\t\t\t\t\t<h6 class=\"elementor-heading-title elementor-size-default\">Na\u0161a vrijednost<\/h6>\t\t\t\t<\/div>\n\t\t\t\t<\/div>\n\t\t\t\t<div class=\"elementor-element elementor-element-d6274ea elementor-widget elementor-widget-heading\" data-id=\"d6274ea\" data-element_type=\"widget\" data-e-type=\"widget\" data-widget_type=\"heading.default\">\n\t\t\t\t<div class=\"elementor-widget-container\">\n\t\t\t\t\t<h2 class=\"elementor-heading-title elementor-size-default\">Gdje tehnologija susre\u0107e odr\u017eivo poslovanje<\/h2>\t\t\t\t<\/div>\n\t\t\t\t<\/div>\n\t\t\t\t<div class=\"elementor-element elementor-element-4359516e elementor-widget elementor-widget-text-editor\" data-id=\"4359516e\" data-element_type=\"widget\" data-e-type=\"widget\" data-widget_type=\"text-editor.default\">\n\t\t\t\t<div class=\"elementor-widget-container\">\n\t\t\t\t\t\t\t\t\t<p>U dana\u0161njem poslovnom svijetu, tehnologija igra klju\u010dnu ulogu u transformaciji tradicionalnih praksi prema odr\u017eivijem poslovanju. Kroz integraciju obnovljivih izvora energije, pametnu potro\u0161nju resursa te inovativne pristupe recikliranju i upravljanju otpadom, tvrtke stvaraju ekolo\u0161ki prihvatljivije operativne modele. Uz pomo\u0107 tehnologije kao katalizatora, poslovna odr\u017eivost postaje ne samo cilj, ve\u0107 i realnost koja oblikuje pozitivan utjecaj na planetu.<\/p>\t\t\t\t\t\t\t\t<\/div>\n\t\t\t\t<\/div>\n\t\t\t\t\t<\/div>\n\t\t<\/div>\n\t\t\t\t\t<\/div>\n\t\t<\/section>\n\t\t\t\t<section class=\"elementor-section elementor-top-section elementor-element elementor-element-38066562 elementor-section-content-middle elementor-reverse-mobile elementor-section-boxed elementor-section-height-default elementor-section-height-default\" data-id=\"38066562\" data-element_type=\"section\" data-e-type=\"section\">\n\t\t\t\t\t\t<div class=\"elementor-container elementor-column-gap-default\">\n\t\t\t\t\t<div class=\"elementor-column elementor-col-100 elementor-top-column elementor-element elementor-element-d7b4b78 elementor-invisible\" data-id=\"d7b4b78\" data-element_type=\"column\" data-e-type=\"column\" data-settings=\"{&quot;background_background&quot;:&quot;classic&quot;,&quot;animation&quot;:&quot;fadeInRight&quot;}\">\n\t\t\t<div class=\"elementor-widget-wrap elementor-element-populated\">\n\t\t\t\t\t\t<div class=\"elementor-element elementor-element-9e707b2 elementor-widget elementor-widget-heading\" data-id=\"9e707b2\" data-element_type=\"widget\" data-e-type=\"widget\" data-widget_type=\"heading.default\">\n\t\t\t\t<div class=\"elementor-widget-container\">\n\t\t\t\t\t<h6 class=\"elementor-heading-title elementor-size-default\">Na\u0161a povijest<\/h6>\t\t\t\t<\/div>\n\t\t\t\t<\/div>\n\t\t\t\t<div class=\"elementor-element elementor-element-2a71c1d0 elementor-widget elementor-widget-heading\" data-id=\"2a71c1d0\" data-element_type=\"widget\" data-e-type=\"widget\" data-widget_type=\"heading.default\">\n\t\t\t\t<div class=\"elementor-widget-container\">\n\t\t\t\t\t<h2 class=\"elementor-heading-title elementor-size-default\">Kako je nastala ideja o na\u0161oj tvrtci? <\/h2>\t\t\t\t<\/div>\n\t\t\t\t<\/div>\n\t\t\t\t<div class=\"elementor-element elementor-element-522a270a elementor-widget elementor-widget-text-editor\" data-id=\"522a270a\" data-element_type=\"widget\" data-e-type=\"widget\" data-widget_type=\"text-editor.default\">\n\t\t\t\t<div class=\"elementor-widget-container\">\n\t\t\t\t\t\t\t\t\t<p>Inspiraciju za osnivanje na\u0161e tvrtke pru\u017eila nam je duboka predanost o\u010duvanju okoli\u0161a i \u017eelja da pru\u017eimo inovativna rje\u0161enja za ekolo\u0161ke izazove.\u00a0<\/p>\t\t\t\t\t\t\t\t<\/div>\n\t\t\t\t<\/div>\n\t\t\t\t<div class=\"elementor-element elementor-element-40da8286 elementor-widget elementor-widget-text-editor\" data-id=\"40da8286\" data-element_type=\"widget\" data-e-type=\"widget\" data-widget_type=\"text-editor.default\">\n\t\t\t\t<div class=\"elementor-widget-container\">\n\t\t\t\t\t\t\t\t\t<p>Potaknuti svije\u0161\u0107u o potrebi za odr\u017eivim pristupom poljoprivredi i uzgoju gnojiva, ro\u0111ena je ideja o stvaranju tvrtke koja \u0107e spajati moderne tehnologije, znanstveni pristup i dru\u0161tvenu odgovornost kako bismo podr\u017eali budu\u0107nost zdrave i ekolo\u0161ki prihvatljive poljoprivrede u Europskoj uniji.<\/p>\t\t\t\t\t\t\t\t<\/div>\n\t\t\t\t<\/div>\n\t\t\t\t\t<\/div>\n\t\t<\/div>\n\t\t\t\t\t<\/div>\n\t\t<\/section>\n\t\t\t\t<\/div>\n\t\t","protected":false},"excerpt":{"rendered":"<p>O nAMA Tko smo mi? Tvrtka za budu\u0107nost eko uzgoja gnojiva u EU Na\u0161a tvrtka je utemeljena na na\u010delima odr\u017eivosti i ekolo\u0161ke odgovornosti, predstavlja pionira u sektoru uzgoja gnojiva u Europskoj uniji. Kombiniraju\u0107i napredne tehnike organske proizvodnje, inovativno upravljanje resursima i strogu regulaciju emisija, tvrtka postavlja visoke standarde za budu\u0107nost ekolo\u0161ke poljoprivrede u EU, doprinose\u0107i [&hellip;]<\/p>\n","protected":false},"author":1,"featured_media":0,"parent":0,"menu_order":0,"comment_status":"closed","ping_status":"closed","template":"","meta":{"ocean_post_layout":"","ocean_both_sidebars_style":"","ocean_both_sidebars_content_width":0,"ocean_both_sidebars_sidebars_width":0,"ocean_sidebar":"0","ocean_second_sidebar":"0","ocean_disable_margins":"enable","ocean_add_body_class":"","ocean_shortcode_before_top_bar":"","ocean_shortcode_after_top_bar":"","ocean_shortcode_before_header":"","ocean_shortcode_after_header":"","ocean_has_shortcode":"","ocean_shortcode_after_title":"","ocean_shortcode_before_footer_widgets":"","ocean_shortcode_after_footer_widgets":"","ocean_shortcode_before_footer_bottom":"","ocean_shortcode_after_footer_bottom":"","ocean_display_top_bar":"default","ocean_display_header":"default","ocean_header_style":"","ocean_center_header_left_menu":"0","ocean_custom_header_template":"0","ocean_custom_logo":0,"ocean_custom_retina_logo":0,"ocean_custom_logo_max_width":0,"ocean_custom_logo_tablet_max_width":0,"ocean_custom_logo_mobile_max_width":0,"ocean_custom_logo_max_height":0,"ocean_custom_logo_tablet_max_height":0,"ocean_custom_logo_mobile_max_height":0,"ocean_header_custom_menu":"0","ocean_menu_typo_font_family":"0","ocean_menu_typo_font_subset":"","ocean_menu_typo_font_size":0,"ocean_menu_typo_font_size_tablet":0,"ocean_menu_typo_font_size_mobile":0,"ocean_menu_typo_font_size_unit":"px","ocean_menu_typo_font_weight":"","ocean_menu_typo_font_weight_tablet":"","ocean_menu_typo_font_weight_mobile":"","ocean_menu_typo_transform":"","ocean_menu_typo_transform_tablet":"","ocean_menu_typo_transform_mobile":"","ocean_menu_typo_line_height":0,"ocean_menu_typo_line_height_tablet":0,"ocean_menu_typo_line_height_mobile":0,"ocean_menu_typo_line_height_unit":"","ocean_menu_typo_spacing":0,"ocean_menu_typo_spacing_tablet":0,"ocean_menu_typo_spacing_mobile":0,"ocean_menu_typo_spacing_unit":"","ocean_menu_link_color":"","ocean_menu_link_color_hover":"","ocean_menu_link_color_active":"","ocean_menu_link_background":"","ocean_menu_link_hover_background":"","ocean_menu_link_active_background":"","ocean_menu_social_links_bg":"","ocean_menu_social_hover_links_bg":"","ocean_menu_social_links_color":"","ocean_menu_social_hover_links_color":"","ocean_disable_title":"default","ocean_disable_heading":"default","ocean_post_title":"","ocean_post_subheading":"","ocean_post_title_style":"","ocean_post_title_background_color":"","ocean_post_title_background":0,"ocean_post_title_bg_image_position":"","ocean_post_title_bg_image_attachment":"","ocean_post_title_bg_image_repeat":"","ocean_post_title_bg_image_size":"","ocean_post_title_height":0,"ocean_post_title_bg_overlay":0.5,"ocean_post_title_bg_overlay_color":"","ocean_disable_breadcrumbs":"default","ocean_breadcrumbs_color":"","ocean_breadcrumbs_separator_color":"","ocean_breadcrumbs_links_color":"","ocean_breadcrumbs_links_hover_color":"","ocean_display_footer_widgets":"default","ocean_display_footer_bottom":"default","ocean_custom_footer_template":"0","footnotes":""},"class_list":["post-614","page","type-page","status-publish","hentry","entry"],"_links":{"self":[{"href":"https:\/\/media-flora.com\/index.php\/wp-json\/wp\/v2\/pages\/614","targetHints":{"allow":["GET"]}}],"collection":[{"href":"https:\/\/media-flora.com\/index.php\/wp-json\/wp\/v2\/pages"}],"about":[{"href":"https:\/\/media-flora.com\/index.php\/wp-json\/wp\/v2\/types\/page"}],"author":[{"embeddable":true,"href":"https:\/\/media-flora.com\/index.php\/wp-json\/wp\/v2\/users\/1"}],"replies":[{"embeddable":true,"href":"https:\/\/media-flora.com\/index.php\/wp-json\/wp\/v2\/comments?post=614"}],"version-history":[{"count":106,"href":"https:\/\/media-flora.com\/index.php\/wp-json\/wp\/v2\/pages\/614\/revisions"}],"predecessor-version":[{"id":1931,"href":"https:\/\/media-flora.com\/index.php\/wp-json\/wp\/v2\/pages\/614\/revisions\/1931"}],"wp:attachment":[{"href":"https:\/\/media-flora.com\/index.php\/wp-json\/wp\/v2\/media?parent=614"}],"curies":[{"name":"wp","href":"https:\/\/api.w.org\/{rel}","templated":true}]}}